{"id":54,"date":"2017-03-21T10:13:23","date_gmt":"2017-03-21T09:13:23","guid":{"rendered":"http:\/\/www.faustins.ch\/wordpress\/?page_id=54"},"modified":"2017-04-19T17:29:28","modified_gmt":"2017-04-19T15:29:28","slug":"comite","status":"publish","type":"page","link":"http:\/\/www.faustins.ch\/wordpress\/index.php\/comite\/","title":{"rendered":"Comit\u00e9"},"content":{"rendered":"<p>Un groupe d&rsquo;amis d\u00e9cide de faire bouger les choses, d&rsquo;animer le tr\u00e8s joli et petit village d&rsquo;Is\u00e9rables. Ils forment un club pour les jeunes et les moins jeunes afin de promouvoir la commune aupr\u00e8s de gens d&rsquo;autres horizons, en organisant diverses sorties et concerts avec leur groupe de musique.<\/p>\n<p>Le samedi 21 avril 2007, le club est officiellement cr\u00e9\u00e9 \u00e0 la patinoire d&rsquo;Is\u00e9rables \u00a0et il compte actuellement 70\u00a0membres actifs.<\/p>\n<p>Le comit\u00e9:<br \/>\n&#8211; le pr\u00e9sident : St\u00e9phane Lambiel<br \/>\n&#8211; le vice-pr\u00e9sident :\u00a0Julien Crettenand<br \/>\n&#8211; le secr\u00e9taire :\u00a0Laurent Vouillamoz<br \/>\n&#8211; la caissi\u00e8re :\u00a0Sandrine Crettenand<br \/>\n&#8211; le responsable musical : Manuel Monnet<br \/>\n&#8211; le responsable des textiles homme :\u00a0Adrien Monnet<br \/>\n&#8211; les responsables d&rsquo;activit\u00e9s :\u00a0St\u00e9phane Monnet<\/p>\n","protected":false},"excerpt":{"rendered":"<p>Un groupe d&rsquo;amis d\u00e9cide de faire bouger les choses, d&rsquo;animer le tr\u00e8s joli et petit village d&rsquo;Is\u00e9rables. Ils forment un club pour les jeunes et les moins jeunes afin de promouvoir la commune aupr\u00e8s de gens d&rsquo;autres horizons, en organisant diverses sorties et concerts avec leur groupe de musique. Le samedi 21 avril 2007, le &hellip; <\/p>\n<p class=\"link-more\"><a href=\"http:\/\/www.faustins.ch\/wordpress\/index.php\/comite\/\" class=\"more-link\">Continuer la lecture<span class=\"screen-reader-text\"> de &laquo;&nbsp;Comit\u00e9&nbsp;&raquo;<\/span><\/a><\/p>\n","protected":false},"author":1,"featured_media":0,"parent":0,"menu_order":0,"comment_status":"closed","ping_status":"closed","template":"","meta":[],"_links":{"self":[{"href":"http:\/\/www.faustins.ch\/wordpress\/index.php\/wp-json\/wp\/v2\/pages\/54"}],"collection":[{"href":"http:\/\/www.faustins.ch\/wordpress\/index.php\/wp-json\/wp\/v2\/pages"}],"about":[{"href":"http:\/\/www.faustins.ch\/wordpress\/index.php\/wp-json\/wp\/v2\/types\/page"}],"author":[{"embeddable":true,"href":"http:\/\/www.faustins.ch\/wordpress\/index.php\/wp-json\/wp\/v2\/users\/1"}],"replies":[{"embeddable":true,"href":"http:\/\/www.faustins.ch\/wordpress\/index.php\/wp-json\/wp\/v2\/comments?post=54"}],"version-history":[{"count":5,"href":"http:\/\/www.faustins.ch\/wordpress\/index.php\/wp-json\/wp\/v2\/pages\/54\/revisions"}],"predecessor-version":[{"id":109,"href":"http:\/\/www.faustins.ch\/wordpress\/index.php\/wp-json\/wp\/v2\/pages\/54\/revisions\/109"}],"wp:attachment":[{"href":"http:\/\/www.faustins.ch\/wordpress\/index.php\/wp-json\/wp\/v2\/media?parent=54"}],"curies":[{"name":"wp","href":"https:\/\/api.w.org\/{rel}","templated":true}]}}

Comité

<p>Un groupe d&rsquo;amis décide de faire bouger les choses, d&rsquo;animer le très joli et petit village d&rsquo;Isérables. Ils forment un club pour les jeunes et les moins jeunes afin de promouvoir la commune auprès de gens d&rsquo;autres horizons, en organisant diverses sorties et concerts avec leur groupe de musique.</p>
<p>Le samedi 21 avril 2007, le club est officiellement créé à la patinoire d&rsquo;Isérables  et il compte actuellement 70 membres actifs.</p>
<p>Le comité:<br />
&#8211; le président : Stéphane Lambiel<br />
&#8211; le vice-président : Julien Crettenand<br />
&#8211; le secrétaire : Laurent Vouillamoz<br />
&#8211; la caissière : Sandrine Crettenand<br />
&#8211; le responsable musical : Manuel Monnet<br />
&#8211; le responsable des textiles homme : Adrien Monnet<br />
&#8211; les responsables d&rsquo;activités : Stéphane Monnet</p>

<p>Un groupe d&rsquo;amis décide de faire bouger les choses, d&rsquo;animer le très joli et petit village d&rsquo;Isérables. Ils forment un club pour les jeunes et les moins jeunes afin de promouvoir la commune auprès de gens d&rsquo;autres horizons, en organisant diverses sorties et concerts avec leur groupe de musique. Le samedi 21 avril 2007, le &hellip; </p>
<p class="link-more"><a href="http://www.faustins.ch/wordpress/index.php/comite/" class="more-link">Continuer la lecture<span class="screen-reader-text"> de &laquo;&nbsp;Comité&nbsp;&raquo;</span></a></p>
