{"id":33,"date":"2017-03-21T09:57:56","date_gmt":"2017-03-21T08:57:56","guid":{"rendered":"http:\/\/www.faustins.ch\/wordpress\/?page_id=33"},"modified":"2017-03-21T10:51:13","modified_gmt":"2017-03-21T09:51:13","slug":"faustins-club","status":"publish","type":"page","link":"http:\/\/www.faustins.ch\/wordpress\/index.php\/faustins-club\/","title":{"rendered":"Faustin&rsquo;s Club"},"content":{"rendered":"<p>Le Faustin\u2019S Club est cr\u00e9\u00e9 en 2007 par un groupe de jeunes \u00ab\u00a0B\u00e9djuis\u00a0\u00bb aimant l\u2019art de la f\u00eate et d\u00e9sireux d\u2019amener de l\u2019ambiance dans leur petit village d\u2019Is\u00e9rables. Il s\u2019agit en fait d\u2019une soci\u00e9t\u00e9 de jeunesse compos\u00e9e d\u2019un noyau dur de fanatiques de musique celtique.<\/p>\n","protected":false},"excerpt":{"rendered":"<p>Le Faustin\u2019S Club est cr\u00e9\u00e9 en 2007 par un groupe de jeunes \u00ab\u00a0B\u00e9djuis\u00a0\u00bb aimant l\u2019art de la f\u00eate et d\u00e9sireux d\u2019amener de l\u2019ambiance dans leur petit village d\u2019Is\u00e9rables. Il s\u2019agit en fait d\u2019une soci\u00e9t\u00e9 de jeunesse compos\u00e9e d\u2019un noyau dur de fanatiques de musique celtique.<\/p>\n","protected":false},"author":1,"featured_media":0,"parent":0,"menu_order":0,"comment_status":"closed","ping_status":"closed","template":"","meta":[],"_links":{"self":[{"href":"http:\/\/www.faustins.ch\/wordpress\/index.php\/wp-json\/wp\/v2\/pages\/33"}],"collection":[{"href":"http:\/\/www.faustins.ch\/wordpress\/index.php\/wp-json\/wp\/v2\/pages"}],"about":[{"href":"http:\/\/www.faustins.ch\/wordpress\/index.php\/wp-json\/wp\/v2\/types\/page"}],"author":[{"embeddable":true,"href":"http:\/\/www.faustins.ch\/wordpress\/index.php\/wp-json\/wp\/v2\/users\/1"}],"replies":[{"embeddable":true,"href":"http:\/\/www.faustins.ch\/wordpress\/index.php\/wp-json\/wp\/v2\/comments?post=33"}],"version-history":[{"count":2,"href":"http:\/\/www.faustins.ch\/wordpress\/index.php\/wp-json\/wp\/v2\/pages\/33\/revisions"}],"predecessor-version":[{"id":95,"href":"http:\/\/www.faustins.ch\/wordpress\/index.php\/wp-json\/wp\/v2\/pages\/33\/revisions\/95"}],"wp:attachment":[{"href":"http:\/\/www.faustins.ch\/wordpress\/index.php\/wp-json\/wp\/v2\/media?parent=33"}],"curies":[{"name":"wp","href":"https:\/\/api.w.org\/{rel}","templated":true}]}}

<p>Le Faustin’S Club est créé en 2007 par un groupe de jeunes « Bédjuis » aimant l’art de la fête et désireux d’amener de l’ambiance dans leur petit village d’Isérables. Il s’agit en fait d’une société de jeunesse composée d’un noyau dur de fanatiques de musique celtique.</p>
